{"id":1007,"date":"2024-07-02T15:05:16","date_gmt":"2024-07-02T13:05:16","guid":{"rendered":"https:\/\/fr.custplace.com\/business\/?page_id=1007"},"modified":"2025-11-03T16:58:05","modified_gmt":"2025-11-03T15:58:05","slug":"agenda-relation-client-ereputation","status":"publish","type":"page","link":"https:\/\/fr.custplace.com\/business\/agenda-relation-client-ereputation\/","title":{"rendered":"Agenda relation client ereputation"},"content":{"rendered":"\n<h2 class=\"wp-block-heading\">D\u00e9couvrez tous les \u00e9v\u00e9nements incontournables sur la relation client et l&rsquo;e-r\u00e9putation pour les 12 mois \u00e0 venir.<\/h2>\n\n\n\n<p><\/p>\n","protected":false},"excerpt":{"rendered":"<p>D\u00e9couvrez tous les \u00e9v\u00e9nements incontournables sur la relation client et l&rsquo;e-r\u00e9putation pour les 12 mois \u00e0 venir.<\/p>\n","protected":false},"author":6,"featured_media":0,"parent":0,"menu_order":0,"comment_status":"closed","ping_status":"closed","template":"agenda.php","meta":{"_acf_changed":false,"inline_featured_image":false,"footnotes":""},"class_list":["post-1007","page","type-page","status-publish","hentry"],"acf":[],"yoast_head":"<!-- This site is optimized with the Yoast SEO plugin v27.1.1 - https:\/\/yoast.com\/product\/yoast-seo-wordpress\/ -->\n<title>Agenda relation client ereputation &#8211; Custplace<\/title>\n<meta name=\"description\" content=\"D\u00e9couvrez tous les \u00e9v\u00e9nements incontournables de la relation client et du marketing digital \u00e0 venir dans les 12 prochains mois. Ne manquez pas les tendances !\" \/>\n<meta name=\"robots\" content=\"index, follow, max-snippet:-1, max-image-preview:large, max-video-preview:-1\" \/>\n<link rel=\"canonical\" href=\"https:\/\/fr.custplace.com\/business\/agenda-relation-client-ereputation\/\" \/>\n<meta property=\"og:locale\" content=\"fr_FR\" \/>\n<meta property=\"og:type\" content=\"article\" \/>\n<meta property=\"og:title\" content=\"Agenda relation client ereputation &#8211; Custplace\" \/>\n<meta property=\"og:description\" content=\"D\u00e9couvrez tous les \u00e9v\u00e9nements incontournables de la relation client et du marketing digital \u00e0 venir dans les 12 prochains mois. Ne manquez pas les tendances !\" \/>\n<meta property=\"og:url\" content=\"https:\/\/fr.custplace.com\/business\/agenda-relation-client-ereputation\/\" \/>\n<meta property=\"og:site_name\" content=\"Custplace\" \/>\n<meta property=\"article:publisher\" content=\"https:\/\/www.facebook.com\/custplace\" \/>\n<meta property=\"article:modified_time\" content=\"2025-11-03T15:58:05+00:00\" \/>\n<meta property=\"og:image\" content=\"https:\/\/fr.custplace.com\/business\/wp-content\/uploads\/2025\/10\/custplace.png\" \/>\n\t<meta property=\"og:image:width\" content=\"1200\" \/>\n\t<meta property=\"og:image:height\" content=\"628\" \/>\n\t<meta property=\"og:image:type\" content=\"image\/png\" \/>\n<meta name=\"twitter:card\" content=\"summary_large_image\" \/>\n<meta name=\"twitter:site\" content=\"@custplace\" \/>\n<meta name=\"twitter:label1\" content=\"Dur\u00e9e de lecture estim\u00e9e\" \/>\n\t<meta name=\"twitter:data1\" content=\"1 minute\" \/>\n<script type=\"application\/ld+json\" class=\"yoast-schema-graph\">{\"@context\":\"https:\/\/schema.org\",\"@graph\":[{\"@type\":\"WebPage\",\"@id\":\"https:\/\/fr.custplace.com\/business\/agenda-relation-client-ereputation\/\",\"url\":\"https:\/\/fr.custplace.com\/business\/agenda-relation-client-ereputation\/\",\"name\":\"Agenda relation client ereputation &#8211; Custplace\",\"isPartOf\":{\"@id\":\"https:\/\/fr.custplace.com\/business\/#website\"},\"datePublished\":\"2024-07-02T13:05:16+00:00\",\"dateModified\":\"2025-11-03T15:58:05+00:00\",\"description\":\"D\u00e9couvrez tous les \u00e9v\u00e9nements incontournables de la relation client et du marketing digital \u00e0 venir dans les 12 prochains mois. Ne manquez pas les tendances !\",\"breadcrumb\":{\"@id\":\"https:\/\/fr.custplace.com\/business\/agenda-relation-client-ereputation\/#breadcrumb\"},\"inLanguage\":\"fr-FR\",\"potentialAction\":[{\"@type\":\"ReadAction\",\"target\":[\"https:\/\/fr.custplace.com\/business\/agenda-relation-client-ereputation\/\"]}]},{\"@type\":\"BreadcrumbList\",\"@id\":\"https:\/\/fr.custplace.com\/business\/agenda-relation-client-ereputation\/#breadcrumb\",\"itemListElement\":[{\"@type\":\"ListItem\",\"position\":1,\"name\":\"Avis clients\",\"item\":\"https:\/\/fr.custplace.com\/\"},{\"@type\":\"ListItem\",\"position\":2,\"name\":\"Agenda relation client ereputation\"}]},{\"@type\":\"WebSite\",\"@id\":\"https:\/\/fr.custplace.com\/#website\",\"url\":\"https:\/\/fr.custplace.com\/\",\"name\":\"Custplace\",\"description\":\"Votre plateforme de r\u00e9putation et de marketing local Tout-en-un\",\"publisher\":{\"@id\":\"https:\/\/fr.custplace.com\/#organization\"},\"potentialAction\":[{\"@type\":\"SearchAction\",\"target\":{\"@type\":\"EntryPoint\",\"urlTemplate\":\"https:\/\/fr.custplace.com\/business\/?s={search_term_string}\"},\"query-input\":{\"@type\":\"PropertyValueSpecification\",\"valueRequired\":true,\"valueName\":\"search_term_string\"}}],\"inLanguage\":\"fr-FR\"},{\"@type\":\"Organization\",\"@id\":\"https:\/\/fr.custplace.com\/#organization\",\"name\":\"Custplace\",\"alternateName\":\"Plateforme de r\u00e9putation et de marketing local Tout-en-un\",\"url\":\"https:\/\/fr.custplace.com\/\",\"logo\":{\"@type\":\"ImageObject\",\"inLanguage\":\"fr-FR\",\"@id\":\"https:\/\/fr.custplace.com\/business\/#\/schema\/logo\/image\/\",\"url\":\"https:\/\/fr.custplace.com\/business\/wp-content\/uploads\/2025\/01\/logo-custplace.png\",\"contentUrl\":\"https:\/\/fr.custplace.com\/business\/wp-content\/uploads\/2025\/01\/logo-custplace.png\",\"width\":600,\"height\":600,\"caption\":\"Custplace\"},\"image\":{\"@id\":\"https:\/\/fr.custplace.com\/business\/#\/schema\/logo\/image\/\"},\"sameAs\":[\"https:\/\/www.facebook.com\/custplace\",\"https:\/\/x.com\/custplace\",\"https:\/\/www.linkedin.com\/company\/custplace\",\"https:\/\/www.instagram.com\/custplace\",\"https:\/\/www.youtube.com\/@custplace\/\"],\"location\":{\"@type\":\"Place\",\"name\":\"Custplace\",\"address\":{\"@type\":\"PostalAddress\",\"streetAddress\":\"125 Rue du Th\u00e9\u00e2tre\",\"addressLocality\":\"Paris\",\"addressRegion\":\"\u00cele-de-France\",\"postalCode\":\"75015\",\"addressCountry\":\"FR\"},\"geo\":{\"@type\":\"GeoCoordinates\",\"latitude\":\"48.84576\",\"longitude\":\"2.296451\"}}}]}<\/script>\n<!-- \/ Yoast SEO plugin. -->","yoast_head_json":{"title":"Agenda relation client ereputation &#8211; Custplace","description":"D\u00e9couvrez tous les \u00e9v\u00e9nements incontournables de la relation client et du marketing digital \u00e0 venir dans les 12 prochains mois. Ne manquez pas les tendances !","robots":{"index":"index","follow":"follow","max-snippet":"max-snippet:-1","max-image-preview":"max-image-preview:large","max-video-preview":"max-video-preview:-1"},"canonical":"https:\/\/fr.custplace.com\/business\/agenda-relation-client-ereputation\/","og_locale":"fr_FR","og_type":"article","og_title":"Agenda relation client ereputation &#8211; Custplace","og_description":"D\u00e9couvrez tous les \u00e9v\u00e9nements incontournables de la relation client et du marketing digital \u00e0 venir dans les 12 prochains mois. Ne manquez pas les tendances !","og_url":"https:\/\/fr.custplace.com\/business\/agenda-relation-client-ereputation\/","og_site_name":"Custplace","article_publisher":"https:\/\/www.facebook.com\/custplace","article_modified_time":"2025-11-03T15:58:05+00:00","og_image":[{"width":1200,"height":628,"url":"https:\/\/fr.custplace.com\/business\/wp-content\/uploads\/2025\/10\/custplace.png","type":"image\/png"}],"twitter_card":"summary_large_image","twitter_site":"@custplace","twitter_misc":{"Dur\u00e9e de lecture estim\u00e9e":"1 minute"},"schema":{"@context":"https:\/\/schema.org","@graph":[{"@type":"WebPage","@id":"https:\/\/fr.custplace.com\/business\/agenda-relation-client-ereputation\/","url":"https:\/\/fr.custplace.com\/business\/agenda-relation-client-ereputation\/","name":"Agenda relation client ereputation &#8211; Custplace","isPartOf":{"@id":"https:\/\/fr.custplace.com\/business\/#website"},"datePublished":"2024-07-02T13:05:16+00:00","dateModified":"2025-11-03T15:58:05+00:00","description":"D\u00e9couvrez tous les \u00e9v\u00e9nements incontournables de la relation client et du marketing digital \u00e0 venir dans les 12 prochains mois. Ne manquez pas les tendances !","breadcrumb":{"@id":"https:\/\/fr.custplace.com\/business\/agenda-relation-client-ereputation\/#breadcrumb"},"inLanguage":"fr-FR","potentialAction":[{"@type":"ReadAction","target":["https:\/\/fr.custplace.com\/business\/agenda-relation-client-ereputation\/"]}]},{"@type":"BreadcrumbList","@id":"https:\/\/fr.custplace.com\/business\/agenda-relation-client-ereputation\/#breadcrumb","itemListElement":[{"@type":"ListItem","position":1,"name":"Avis clients","item":"https:\/\/fr.custplace.com\/"},{"@type":"ListItem","position":2,"name":"Agenda relation client ereputation"}]},{"@type":"WebSite","@id":"https:\/\/fr.custplace.com\/#website","url":"https:\/\/fr.custplace.com\/","name":"Custplace","description":"Votre plateforme de r\u00e9putation et de marketing local Tout-en-un","publisher":{"@id":"https:\/\/fr.custplace.com\/#organization"},"potentialAction":[{"@type":"SearchAction","target":{"@type":"EntryPoint","urlTemplate":"https:\/\/fr.custplace.com\/business\/?s={search_term_string}"},"query-input":{"@type":"PropertyValueSpecification","valueRequired":true,"valueName":"search_term_string"}}],"inLanguage":"fr-FR"},{"@type":"Organization","@id":"https:\/\/fr.custplace.com\/#organization","name":"Custplace","alternateName":"Plateforme de r\u00e9putation et de marketing local Tout-en-un","url":"https:\/\/fr.custplace.com\/","logo":{"@type":"ImageObject","inLanguage":"fr-FR","@id":"https:\/\/fr.custplace.com\/business\/#\/schema\/logo\/image\/","url":"https:\/\/fr.custplace.com\/business\/wp-content\/uploads\/2025\/01\/logo-custplace.png","contentUrl":"https:\/\/fr.custplace.com\/business\/wp-content\/uploads\/2025\/01\/logo-custplace.png","width":600,"height":600,"caption":"Custplace"},"image":{"@id":"https:\/\/fr.custplace.com\/business\/#\/schema\/logo\/image\/"},"sameAs":["https:\/\/www.facebook.com\/custplace","https:\/\/x.com\/custplace","https:\/\/www.linkedin.com\/company\/custplace","https:\/\/www.instagram.com\/custplace","https:\/\/www.youtube.com\/@custplace\/"],"location":{"@type":"Place","name":"Custplace","address":{"@type":"PostalAddress","streetAddress":"125 Rue du Th\u00e9\u00e2tre","addressLocality":"Paris","addressRegion":"\u00cele-de-France","postalCode":"75015","addressCountry":"FR"},"geo":{"@type":"GeoCoordinates","latitude":"48.84576","longitude":"2.296451"}}}]}},"_links":{"self":[{"href":"https:\/\/fr.custplace.com\/business\/wp-json\/wp\/v2\/pages\/1007","targetHints":{"allow":["GET"]}}],"collection":[{"href":"https:\/\/fr.custplace.com\/business\/wp-json\/wp\/v2\/pages"}],"about":[{"href":"https:\/\/fr.custplace.com\/business\/wp-json\/wp\/v2\/types\/page"}],"author":[{"embeddable":true,"href":"https:\/\/fr.custplace.com\/business\/wp-json\/wp\/v2\/users\/6"}],"replies":[{"embeddable":true,"href":"https:\/\/fr.custplace.com\/business\/wp-json\/wp\/v2\/comments?post=1007"}],"version-history":[{"count":10,"href":"https:\/\/fr.custplace.com\/business\/wp-json\/wp\/v2\/pages\/1007\/revisions"}],"predecessor-version":[{"id":24294,"href":"https:\/\/fr.custplace.com\/business\/wp-json\/wp\/v2\/pages\/1007\/revisions\/24294"}],"wp:attachment":[{"href":"https:\/\/fr.custplace.com\/business\/wp-json\/wp\/v2\/media?parent=1007"}],"curies":[{"name":"wp","href":"https:\/\/api.w.org\/{rel}","templated":true}]}}